?
1031
In base 10, what is -497 - -3?
-494
In base 16, what is -2 - -19?
17
In base 11, what is -10 + -82?
-92
In base 9, what is 1 + 50?
51
In base 3, what is 2021 + 22?
2120
In base 15, what is 2 - -12?
14
In base 2, what is -1110001010 - -10?
-1110001000
In base 4, what is -1302 - 102?
-2010
In base 14, what is -40 - 36?
-76
In base 12, what is -10 + -1b?
-2b
In base 14, what is -684 - 4?
-688
In base 14, what is -30a - -3?
-307
In base 8, what is 532 - -2?
534
In base 13, what is -a2 + 3?
-9c
In base 8, what is -714 - 12?
-726
In base 2, what is 111 - 1000111000?
-1000110001
In base 9, what is 2 + 1070?
1072
In base 4, what is 1 - 103011?
-103010
In base 10, what is 5178 - -2?
5180
In base 14, what is -44 - -4?
-40
In base 8, what is -3 + -112?
-115
In base 4, what is -11 + 320020?
320003
In base 4, what is -100 + 1130?
1030
In base 13, what is 5 + -117a?
-1175
In base 15, what is 4 + -73d?
-739
In base 7, what is -4 + -531?
-535
In base 9, what is 34 + -178?
-144
In base 11, what is 5 - -46?
50
In base 9, what is -5 + 485?
480
In base 4, what is -121 + -10?
-131
In base 15, what is -59 - 1b?
-75
In base 8, what is 2 + 1?
3
In base 3, what is 11 + -10?
1
In base 6, what is -2 + 1454?
1452
In base 4, what is -2002 + -111?
-2113
In base 14, what is ca40 - 3?
ca3b
In base 16, what is 19 + -170?
-157
In base 10, what is 85 + -138?
-53
In base 15, what is 6 + -23?
-1c
In base 5, what is -104 + 0?
-104
In base 7, what is 112 + -116?
-4
In base 15, what is -5 + -12c?
-132
In base 6, what is 0 - -3330?
3330
In base 16, what is 6e7 - 0?
6e7
In base 12, what is -b + -5?
-14
In base 2, what is -1001101110 - -1?
-1001101101
In base 7, what is 5004 + 4?
5011
In base 2, what is 101 + -1010001?
-1001100
In base 15, what is -5 - -ebd?
eb8
In base 13, what is 3 + 2?
5
In base 4, what is -13 - 33?
-112
In base 14, what is -3c3 - 5?
-3c8
In base 12, what is 3 - -21?
24
In base 4, what is -1013 + -3?
-1022
In base 12, what is 1850 - -5?
1855
In base 12, what is -3 + 71?
6a
In base 6, what is -10 - 54?
-104
In base 3, what is 112012012 - -1?
112012020
In base 9, what is -4 - 1?
-5
In base 4, what is -1 + 21303?
21302
In base 10, what is -3 + -595?
-598
In base 11, what is -3060 - -3?
-3058
In base 9, what is 5481 - -2?
5483
In base 2, what is 11 + 0?
11
In base 12, what is b - -4?
13
In base 4, what is -2012 - 2?
-2020
In base 8, what is -2772 - 5?
-2777
In base 6, what is 12351 + -2?
12345
In base 10, what is 2 - -23?
25
In base 9, what is 247 + -3?
244
In base 7, what is -10 - 4?
-14
In base 2, what is -100000 - 100?
-100100
In base 16, what is 105 - 3?
102
In base 16, what is -4 - -f?
b
In base 13, what is -5 + 25b?
256
In base 6, what is 24053 + -3?
24050
In base 5, what is -21 + -222?
-243
In base 4, what is 23111 + -1?
23110
In base 7, what is -23056 + -5?
-23064
In base 6, what is 1 - 111?
-110
In base 11, what is 1 - 57?
-56
In base 5, what is 4441 - -4?
10000
In base 14, what is -5a - 7?
-63
In base 13, what is -7 + 276?
26c
In base 5, what is 13334 - -2?
13341
In base 6, what is 150515 + 4?
150523
In base 16, what is -26 - 1c?
-42
In base 11, what is 492 - 0?
492
In base 3, what is 12021 + -112?
11202
In base 12, what is b5 + -6?
ab
In base 13, what is -24 - -bb?
97
In base 3, what is 1111 - -120?
2001
In base 5, what is -31 - 2201?
-2232
In base 3, what is -1 - 101111?
-101112
In base 3, what is 12 + -1122?
-1110
In base 12, what is 2 - -3a?
40
In base 6, what is -34523 - 3?
-34530
In base 16, what is -39e + -2?
-3a0
In base 15, what is -1 - 0?
-1
In base 11, what is 70 + -3?
68
In base 6, what is -125 - -20?
-105
In base 6, what is -112 + 401?
245
In base 3, what is 10 + 1012?
1022
In base 7, what is 1 - 111?
-110
In base 4, what is 33 + 30233?
30332
In base 6, what is 550 + 1?
551
In base 9, what is -5 - 607?
-613
In base 2, what is -1 - -110000?
101111
In base 8, what is -5 - 73?
-100
In base 6, what is -1202 - 0?
-1202
In base 11, what is 8 - 5?
3
In base 7, what is -34 - -5?
-26
In base 16, what is 1 - d9?
-d8
In base 4, what is 10322 - 3?
10313
In base 6, what is 1112 + 3?
1115
In base 7, what is -114 - -20?
-64
In base 4, what is 11 + -2331?
-2320
In base 15, what is 14 - -a?
1e
In base 16, what is 1 + -a20?
-a1f
In base 12, what is 5 - -237?
240
In base 7, what is -2 - 2410?
-2412
In base 3, what is -2220 - 2?
-2222
In base 8, what is -3 + 1317?
1314
In base 7, what is 453 + -21?
432
In base 14, what is 1 + -4b6?
-4b5
In base 9, what is -13201 + 1?
-13200
In base 9, what is 4 - -3834?
3838
In base 12, what is 25 - 2?
23
In base 11, what is -4 - -232?
229
In base 4, what is -220 - 1020?
-1300
In base 11, what is 3 - 572?
-56a
In base 12, what is 59a + -2?
598
In base 12, what is b - 942?
-933
In base 15, what is -20 + 5c?
3c
In base 10, what is -2 - 46?
-48
In base 11, what is -325 + 5?
-320
In base 6, what is 5 + 30?
35
In base 15, what is 47 + 4?
4b
In base 7, what is -2 + -212?
-214
In base 6, what is -33 + -1?
-34
In base 2, what is -110 - -1?
-101
In base 13, what is 5882 - 1?
5881
In base 13, what is -5 + 313?
30b
In base 3, what is 0 + -21000?
-21000
In base 4, what is 22 + -3132?
-3110
In base 2, what is -111 - 1000110?
-1001101
In base 11, what is -4 - 2a6?
-2aa
In base 5, what is 1 + -1033?
-1032
In base 9, what is -5887 - -5?
-5882
In base 6, what is -23 - -1301?
1234
In base 10, what is 13 + 7?
20
In base 10, what is -3 + 464?
461
In base 5, what is -13214 - -4?
-13210
In base 3, what is 11 + -10120221?
-10120210
In base 2, what is -100110 - 100000?
-1000110
In base 9, what is 722 - -2?
724
In base 16, what is 1dd + -7?
1d6
In base 8, what is -4 - -102?
76
In base 10, what is -2 + -1481?
-1483
In base 16, what is 21 - 14?
d
In base 9, what is -3 - -28?
25
In base 16, what is 4 + -b03?
-aff
In base 13, what is -3 + -12a?
-130
In base 9, what is -42 - -1?
-41
In base 4, what is -311 - -1?
-310
In base 7, what is 1063 + -2?
1061
In base 12, what is -617 - 9?
-624
In base 16, what is e3 + -79?
6a
In base 13, what is -c36 - 5?
-c3b
In base 7, what is 3255 - -4?
3262
In base 3, what is -1102 + 110?
-222
In base 8, what is -12 + 3?
-7
In base 2, what is 111111 - -110?
1000101
In base 13, what is 25 - 6?
1c
In base 8, what is 3710 - 0?
3710
In base 11, what is -2 + -630?
-632
In base 15, what is -b + -246?
-252
In base 5, what is 4 + -114?
-110
In base 2, what is -101001 - 100?
-101101
In base 6, what is 1154 + 1?
1155
In base 13, what is -2 - 7b?
-80
In base 12, what is 0 - 393?
-393
In base 11, what is -2 - 211a?
-2121
In base 16, what is 2 + -1f?
-1d
In base 13, what is 9 - -703?
70c
In base 13, what is 5 - 2692?
-268a
In base 9, what is 2021 - -13?
2034
In base 15, what is db + 4?
e0
In base 9, what is -1744 + 1?
-1743
In base 6, what is -10234 - 4?
-10242
In base 2, what is 1 - -1000001?
1000010
In base 3, what is -10212202202 - 11?
-10212202220
In base 9, what is -87 - 0?
-87
In base 5, what is 312 + -10?
302
In base 11, what is -76 - -a?
-67
In base 6, what is 30320 + 1?
30321
In base 8, what is 2 + 211?
213
In base 15, what is -3ab8 - -2?
-3ab6
In base 14, what is -11 - 14?
-25
In base 7, what is -1643 - 0?
-1643
In base 4, what is -1 - -230?
223
In base 11, what is 30 + 21?
51
In base 7, what is -125 - -512?
354
In base 8, what is 46 - -15?
63
In base 3, what is 100022 - 11?
100011
In base 14, what is 4 - 3?
1
In base 12, what is -337 - 8?
-343
In base 6, what is 442 - -4?
450
In base 9, what is -2 - 207?
-210
In base 3, what is -1210202 - -11?
-1210121
In base 3, what is -1101 + -11?
-1112
In base 9, what is 7 + -578?
-571
In base 14, what is 40 - 5?
39
In base 16, what is 3 - -75?
78
In base 13, what is 77 + 3?
7a
In base 16, what is 10 - -1?
11
In base 15, what is 0 + 1b1?
1b1
In base 10, what is 3 + -1?
2
In base 9, what is 8 - 31?
-22
In base 3, what is -120112011 - 0?
-120112011
In base 10, what is 15198 - -1?
15199
In base 16, what is 20d - 2?
20b
In base 16, what is 14 + 0?
14
In base 10, what is 1044 - -1?
1045
In base 13, what is b0c - -5?
b14
In base 16, what is 2a + -ba?
-90
In base 12, what is 73 + 5?
78
In base 10, what is 0 + 111?
111
In base 5, what is -12 - 214?
-231
In base 3, what is 102012 - -10210?
112222
In base 15, what is 177a - -3?
177d
In base 4, what is 130 - 1?
123
In base 11, what is -10 - 911?
-